 and h?
5
Let y(g) = -9*g**3 - 1. Let p be y(-1). Suppose -2*l - 22 = -24. Calculate the greatest common divisor of l and p.
1
Let v = -389 - -407. Calculate the greatest common divisor of 261 and v.
9
Let u(h) = -h**3 - 8*h**2 + 9*h - 7. Let t be u(-9). Let v = t - -40. Calculate the greatest common factor of v and 231.
33
Let u = 150 + -78. Let r be u/7 + 10/(-35). Suppose 0 = 6*j - 2*j - 200. Calculate the highest common divisor of j and r.
10
Suppose -5*k - 5 = 0, 3 + 2 = -s - k. Let v be ((-2)/s)/((-2)/(-4)). Let f be 4*(v - (-28)/8). Calculate the highest common factor of f and 12.
6
Let v = 110 + -82. Suppose 7*s - v = -0*s. What is the greatest common factor of 20 and s?
4
Suppose 5*j + 1 = x - 14, 5*x - 5*j = -5. Let m be x*26/(1 + -3). Let z = -37 + m. Calculate the highest common divisor of 4 and z.
4
Let q be 2/12 - 115/(-30). Let n be 0 + 0 + q + -2. Calculate the greatest common divisor of n and 16.
2
Let r = 35 - 14. What is the highest common divisor of 189 and r?
21
Let d be 136/6 + 1/3. Let f be 9/(30/33 + -1). Let p = f + 145. What is the greatest common divisor of p and d?
23
Let x = 189 + -98. Let y be (0 - -13)*1/1. What is the highest common factor of y and x?
13
Let b = -300 + 365. What is the greatest common factor of b and 117?
13
Let y be (-2)/(24/(-8) + 982/328). Suppose 0 = -4*j - 4*j + y. Calculate the greatest common factor of j and 246.
41
Suppose 5*u - 3 = -5*n + 32, 0 = -5*n. What is the highest common divisor of 1 and u?
1
Let w = -2 - -5. Let n be (-319)/(-4) + w/12. Let p = -246 - -256. Calculate the highest common factor of n and p.
10
Suppose -5*a + 2*q = -191, 5*a + q + q = 199. Suppose 2*w - a = 3. Let u = -199 + 283. Calculate the greatest common divisor of w and u.
21
Let f(m) = 3*m - 1. Let l be f(19). Calculate the greatest common factor of l and 70.
14
Let d be 14*((-35)/7)/(-5). What is the greatest common divisor of d and 21?
7
Suppose 0 = -i + 5*o - 11, i + o - 13 = -0*i. Suppose -27 = -4*t + i. Let r = 18 - t. Calculate the greatest common divisor of 1 and r.
1
Let o(g) = -62*g - 829. Let r be o(-14). Calculate the highest common divisor of 26 and r.
13
Suppose -t + 23 = 3*l + 6, 4*l - 29 = 5*t. Let u(y) = -2*y**2 + 12*y + 7. Let x be u(l). Calculate the highest common factor of 49 and x.
7
Let g(j) = -j**3 - 17*j**2 - j - 4. Let c be g(-17). What is the greatest common divisor of 169 and c?
13
Suppose 5*p + 50 = 5*a, -2*a + 3*p + 36 - 18 = 0. What is the highest common factor of a and 918?
6
Let z = 107 - -73. What is the highest common divisor of z and 960?
60
Let f be ((-32)/(-12))/((-1)/(-3)). Let g = 31 + -16. Let w be (-48)/(3 - g/4). Calculate the highest common factor of f and w.
8
Suppose 4*x - 26 = 5*v, -2*x + v + 12 = 2. Let b be -12 + x/4 + 2. Let w(u) = -4*u - 15. Let a be w(b). What is the greatest common factor of a and 63?
21
Let v be (1 + 2 + 1)*(-2 + 14). Let d be ((-45)/(-20))/(2/v). Let s = -2 - -29. Calculate the highest common divisor of d and s.
27
Let y(q) = 15*q + 12 - q + 21 + 75*q**2 - 74*q**2. Let n be y(-12). What is the greatest common factor of 81 and n?
9
Suppose -g = -3*r - 42, -5*r + 3*g - 69 = g. Let h(q) = -5*q - 30. Let k be h(r). What is the highest common factor of k and 9?
9
Let z be -20 + 1 - (6 - 5). Let h = -18 - z. Let l be h*((-63)/(-2) - -1). What is the greatest common divisor of 26 and l?
13
Let m be 4*(10 + -3)/7. What is the highest common factor of m and 4?
4
Let m(v) = 5*v**2 - 47*v - 19. Let o be m(13). What is the greatest common factor of 86 and o?
43
Suppose -2*s + 6*s + 12 = 0, 0 = 4*y + 4*s - 120. Calculate the highest common divisor of 15 and y.
3
Let b = 307 + -299. Suppose g = 0, g - 20 = 2*u + 26. Let i = 39 + u. What is the greatest common factor of b and i?
8
Let x(w) = -2*w**2 + 17*w**2 + 16 - w**3 - w - 3*w**2. Let q be x(12). Suppose -46 = -q*s + 26. What is the greatest common divisor of s and 45?
9
Let u(f) be the first derivative of 3*f**2/2 - 5*f + 17. Let v be u(4). Calculate the greatest common divisor of 7 and v.
7
Let q = 8879 + -6184. Suppose 5*t = 12*t - q. What is the greatest common divisor of t and 35?
35
Let d = 15 + -8. Suppose 24*b = 22*b. Suppose t + 63 = c + 2*c, b = -c + t + 21. Calculate the greatest common divisor of c and d.
7
Let q(i) = -i**3 + 4*i**2 + 8*i - 2. Let h be q(3). Calculate the greatest common divisor of h and 403.
31
Let m be ((-78)/(-12) + -5)/((-4)/(-176)). What is the greatest common factor of 22 and m?
22
Suppose 6*c - 77 = -59. Calculate the highest common factor of 10 and c.
1
Let p be (-4)/(1 - -11)*0/2. Suppose 2*i + 10 = 3*i - 4*h, p = -5*i - h + 29. Calculate the highest common divisor of 15 and i.
3
Suppose 0 = -2*r - r + 108. Let y = r - 32. What is the highest common factor of 12 and y?
4
Suppose -o = l - 512, -3*o + 5 - 17 = 0. What is the greatest common divisor of 12 and l?
12
Let d = -100 - -96. Let h(p) = 6*p**2 + 12*p - 3. Let q be h(d). Calculate the greatest common divisor of q and 9.
9
Let v = -27 - -27. Suppose w + 5*w + 24 = v. Let q be 240/w*11/(-4). What is the greatest common divisor of 33 and q?
33
Let h = 9 + -9. Suppose h*y = -2*y + 34. What is the highest common factor of 136 and y?
17
Suppose -39 = 42*c - 45*c. Let k(n) = 2*n**2 - 2*n + 1. Let b be k(-2). What is the greatest common divisor of c and b?
13
Suppose 14 + 6 = 5*g. Let q be g*(-10)/8*7. Let v be q/(-3) + (-5)/(-15). Calculate the highest common divisor of v and 3.
3
Let q = 61 - 87. Let g = q - -50. Calculate the greatest common divisor of 8 and g.
8
Suppose -5*a + 0 + 45 = 0. Let b(y) = 4*y - 12. Let t be b(a). Calculate the highest common divisor of t and 168.
24
Let s(p) = 5*p + 1. Let f be s(3). Suppose f = -c + 24. What is the greatest common factor of c and 64?
8
Suppose -11 = 3*x - 4*f, 4*x - 29 = 5*x + 5*f. Let b = 7 + x. Let v be ((-56)/b)/1 + -1. What is the highest common divisor of v and 18?
9
Let w(b) = b**2 - 3*b + 8. Let s be w(-4). Suppose 5*g - 54 = s. What is the greatest common factor of 27 and g?
9
Let p be (3 + 17 + -28)*(-44 + 1). Calculate the greatest common factor of 8 and p.
8
Suppose 13*z - 10*z = -27. Let g = 7 + z. Let h be 0 + -1 + g + 47. Calculate the highest common divisor of h and 11.
11
Suppose -63 - 9 = -3*m. Let v(g) = -3*g**3 - g**2 + 6*g + 8. Let x be v(-2). What is the highest common divisor of m and x?
8
Let t be 1431 - 46 - 0/(-4). What is the greatest common divisor of 5 and t?
5
Let n(q) = -q**3 + 2*q + 1. Let p be n(-2). Suppose t = -5*r + 16, p*r + 3*t - 5 = 3. What is the highest common factor of r and 36?
4
Suppose -87*w + 5 = -86*w. Suppose -6*r + 25 = -w. Let a(d) = -d**3 + 11*d**2 - 9*d - 5. Let n be a(10). What is the greatest common factor of n and r?
5
Let a = 23 + -26. Let p be 350/15 - 2/a. What is the greatest common factor of p and 3?
3
Let a be (0 - 1) + -4*83/(-2). Let x = a - 160. What is the highest common divisor of 3 and x?
1
Let o = 588 - 582. Calculate the greatest common divisor of o and 1902.
6
Let o = 12 - 7. Suppose -3*z + 7*z + 26 = h, 0 = -4*h - o*z + 62. What is the greatest common factor of 36 and h?
18
Suppose 0 = -5*p + 9 + 1, 2*m - 4*p = 62. Let g(i) = i**2 - 4*i - 61. Let q be g(12). What is the greatest common divisor of m and q?
35
Let j(q) = 3*q**2 + 37*q - 30. Let z be j(-20). What is the highest common factor of 258 and z?
86
Let h be (-19 + -20)*-5*1. Calculate the greatest common divisor of 15 and h.
15
Suppose 10*p = 144 - 44. What is the highest common factor of 610 and p?
10
Let b = -304 + 208. Let n be (-18)/8 + 2 - 11640/b. Let q(z) = z**2 + 4*z + 6. Let j be q(-5). What is the highest common divisor of j and n?
11
Let u be 41 - 32 - (0 - (-2 + -3)). Calculate the highest common factor of 244 and u.
4
Suppose 264 = 3*h + 5*h. Let b(o) = -2*o - 9. Let p be b(-6). Calculate the greatest common divisor of p and h.
3
Suppose 4*d = -5*l - 191, -4*l - 120 = -l - 3*d. Let j = 44 + l. Let u = 6 - 1. Calculate the highest common divisor of j and u.
5
Suppose -56 = -3*m - m. Suppose 13*g - 90 = 8*g. Let j be (-49)/(-14)*2*g. What is the greatest common factor of j and m?
14
Suppose 0 = f - 2*f + 34. Suppose -329*p - 374 = -351*p. What is the highest common factor of f and p?
17
Let t(h) = h - 1. Suppose -3*o - 2*o -